are the prime factors of 79076282?
2, 17, 2325773
What are the prime factors of 588615271?
11621, 50651
What are the prime factors of 962632460?
2, 5, 31, 61, 25453
What are the prime factors of 1365804064?
2, 53, 805309
List the prime factors of 853732870.
2, 5, 31, 2753977
List the prime factors of 3840962701.
3840962701
List the prime factors of 395656053.
3, 13, 113, 89779
What are the prime factors of 4449934208?
2, 4283, 8117
List the prime factors of 4839237992.
2, 37, 16348777
What are the prime factors of 263055484?
2, 17, 3868463
List the prime factors of 65128575.
3, 5, 868381
What are the prime factors of 383527312?
2, 7, 19, 25747
What are the prime factors of 148313088?
2, 3, 7, 11, 19
List the prime factors of 556387758.
2, 3, 10303477
What are the prime factors of 59195714?
2, 383, 77279
List the prime factors of 70516816.
2, 17, 31, 8363
What are the prime factors of 82639576?
2, 10329947
What are the prime factors of 1556342717?
7907, 196831
List the prime factors of 162852997.
43, 3787279
What are the prime factors of 72715292?
2, 13, 263, 409
What are the prime factors of 280873294?
2, 13, 29, 372511
What are the prime factors of 301627193?
7, 307, 20051
List the prime factors of 3836172.
2, 3, 319681
List the prime factors of 4651039923.
3, 29, 1453, 36793
What are the prime factors of 1725709445?
5, 113, 3054353
List the prime factors of 290440101.
3, 7, 311, 6353
List the prime factors of 81047088.
2, 3, 43, 4363
What are the prime factors of 1783551125?
5, 97, 147097
List the prime factors of 2367753667.
20369, 116243
List the prime factors of 3196613329.
7, 13, 31, 1133149
List the prime factors of 1532289405.
3, 5, 5113, 19979
List the prime factors of 195822764.
2, 997, 49103
What are the prime factors of 3232638841?
79, 40919479
What are the prime factors of 5396333224?
2, 29, 53, 438869
List the prime factors of 121854152.
2, 7, 109, 19963
What are the prime factors of 485709745?
5, 23, 4223563
What are the prime factors of 372398624?
2, 13, 895189
What are the prime factors of 1160518856?
2, 7, 71, 4111
What are the prime factors of 1738996?
2, 7, 173, 359
What are the prime factors of 35640247?
35640247
List the prime factors of 19687720.
2, 5, 13, 37861
List the prime factors of 1530081366.
2, 3, 11, 379, 61169
List the prime factors of 622393373.
7, 157, 521, 1087
What are the prime factors of 3830798129?
1279, 2995151
What are the prime factors of 9957597?
3, 13, 17, 23, 653
List the prime factors of 1747029490.
2, 5, 31, 197, 28607
What are the prime factors of 715091958?
2, 3, 7, 5675333
List the prime factors of 446836052.
2, 13, 8593001
List the prime factors of 46686615.
3, 5, 3112441
List the prime factors of 2637089971.
19, 6197, 22397
List the prime factors of 313841752.
2, 7, 229, 24473
List the prime factors of 352688123.
1951, 180773
List the prime factors of 1192564596.
2, 3, 7417, 13399
What are the prime factors of 324417779?
7, 6620771
What are the prime factors of 46429135?
5, 1009, 9203
List the prime factors of 104487568.
2, 6530473
List the prime factors of 408450457.
408450457
List the prime factors of 6480133561.
11, 241, 2444411
What are the prime factors of 1277804768?
2, 37, 1079227
What are the prime factors of 45015969?
3, 43, 151, 2311
List the prime factors of 1116322.
2, 17, 32833
What are the prime factors of 41029827?
3, 13676609
What are the prime factors of 59650752?
2, 3, 7, 44383
What are the prime factors of 178537326?
2, 3, 11, 2705111
List the prime factors of 737356239.
3, 37, 67, 33049
List the prime factors of 16056030.
2, 3, 5, 233, 2297
List the prime factors of 9302284.
2, 2325571
List the prime factors of 3786593102.
2, 701, 2700851
What are the prime factors of 1674718250?
2, 5, 263, 25471
What are the prime factors of 626775231?
3, 23, 29, 59, 5309
List the prime factors of 79970408.
2, 7, 163, 8761
List the prime factors of 15581834.
2, 7790917
List the prime factors of 977459951.
13, 75189227
What are the prime factors of 24421949?
24421949
What are the prime factors of 163308484?
2, 79, 449, 1151
List the prime factors of 398595164.
2, 11, 9058981
What are the prime factors of 727810538?
2, 7, 13, 3998959
What are the prime factors of 469895616?
2, 3, 139, 5869
List the prime factors of 6519515450.
2, 5, 7, 31, 600877
List the prime factors of 126211183.
7, 67, 439, 613
List the prime factors of 128766540.
2, 3, 5, 7, 306587
List the prime factors of 687901633.
3547, 193939
What are the prime factors of 954128427?
3, 7, 6299, 7213
What are the prime factors of 277102638?
2, 3, 83, 185477
What are the prime factors of 26366880?
2, 3, 5, 163, 337
List the prime factors of 3503756289.
3, 11, 106174433
What are the prime factors of 24804973?
79, 313987
What are the prime factors of 529619961?
3, 13, 37, 367027
What are the prime factors of 1928457014?
2, 11, 87657137
List the prime factors of 8646998.
2, 4323499
What are the prime factors of 908712823?
10357, 87739
List the prime factors of 375963492.
2, 3, 31330291
What are the prime factors of 327570565?
5, 7, 827, 11317
What are the prime factors of 14717723?
19, 23, 33679
List the prime factors of 323331515.
5, 13, 71, 70061
What are the prime factors of 39149186?
2, 19574593
What are the prime factors of 13035759?
3, 11, 395023
List the prime factors of 274429433.
274429433
What are the prime factors of 464872257?
3, 17217491
List the prime factors of 67244976.
2, 3, 127, 3677
List the prime factors of 626471941.
109, 5747449
What are the prime factors of 22073116?
2, 13, 31, 13693
List the prime factors of 1080273332.
2, 270068333
List the prime factors of 996639653.
47, 21205099
What are the prime factors of 59602280?
2, 5, 1193, 1249
List the prime factors of 257058769.
11, 73, 157, 2039
What are the prime factors of 193056785?
5, 5659, 6823
List the prime factors of 718187980.
2, 5, 41, 139, 6301
List the prime factors of 44763855.
3, 5, 1657, 1801
List the prime factors of 4226437918.
2, 2113218959
List the prime factors of 79234087.
137, 211, 2741
List the prime factors of 2234673573.
3, 11, 61, 503, 2207
List the prime factors of 402679119.
3, 17, 31, 254699
List the prime factors of 41718505.
5, 479, 17419
What are the prime factors of 159846332?
2, 2939, 13597
List the prime factors of 17448618.
2, 3, 11, 463, 571
List the prime factors of 498261343.
643, 774901
List the prime factors of 1243078.
2, 241, 2579
List the prime factors of 1093102115.
5, 7, 83, 376283
What are the prime factors of 1280178982?
2, 17, 37652323
What are the prime factors of 88754316?
2, 3, 7, 1056599
What are the prime factors of 6425789?
6425789
What are the prime factors of 1172682472?
2, 13, 11275793
What are the prime factors of 800176628?
2, 223, 897059
What are the prime factors of 3000701981?
43, 47, 877, 1693
What are the prime factors of 95364247?
11, 8669477
List the prime factors of 75869474.
2, 89, 426233
List the prime factors of 55385213.
13, 4260401
List the prime factors of 1949436321.
3, 7, 449, 206749
List the prime factors of 28157792.
2, 13, 113, 599
List the prime factors of 270848082.
2, 3, 45141347
List the prime factors of 268449044.
2, 61, 127, 8663
List the prime factors of 1259365915.
5, 59, 4269037
List the prime factors of 500213889.
3, 7, 179, 44357
List the prime factors of 5832846.
2, 3, 23, 73, 193
List the prime factors of 581282256.
2, 3, 41, 43, 6869
List the prime factors of 196162545.
3, 5, 229, 57107
List the prime factors of 1886788899.
3, 209643211
What are the prime factors of 2578909910?
2, 5, 10427, 24733
List the prime factors of 593139068.
2, 148284767
What are the prime factors of 151485555?
3, 5, 13, 17, 45697
List the prime factors of 1507672124.
2, 7, 5209, 10337
List the prime factors of 226365261.
3, 193, 390959
What are the prime factors of 4332038451?
3, 13, 111077909
List the prime factors of 2728663668.
2, 3, 75796213
List the prime factors of 793070327.
7, 5647, 20063
What are the prime factors of 851427996?
2, 3, 61, 151, 7703
What are the prime factors of 136086061?
136086061
List the prime factors of 1045683.
3, 38729
What are the prime factors of 558724657?
558724657
What are the prime factors of 114090703?
114090703
List the prime factors of 112368150.
2, 3, 5